[INFO] cloning repository https://github.com/MaulingMonkey/rust_win32_async_sample
[INFO] running `Command { std: "git" "-c" "credential.helper=" "-c" "credential.helper=/workspace/cargo-home/bin/git-credential-null" "clone" "--bare" "https://github.com/MaulingMonkey/rust_win32_async_sample" "/workspace/cache/git-repos/https%3A%2F%2Fgithub.com%2FMaulingMonkey%2Frust_win32_async_sample", kill_on_drop: false }`
[INFO] [stderr] Cloning into bare repository '/workspace/cache/git-repos/https%3A%2F%2Fgithub.com%2FMaulingMonkey%2Frust_win32_async_sample'...
[INFO] running `Command { std: "git" "rev-parse" "HEAD", kill_on_drop: false }`
[INFO] [stdout] 8ff5aaae1440376b28e73c6d63913019970b478c
[INFO] checking MaulingMonkey/rust_win32_async_sample against master#e6e4f7ed1589e03bc2f6c5931c1a72e7947e8682 for beta-170-4
[INFO] running `Command { std: "git" "clone" "/workspace/cache/git-repos/https%3A%2F%2Fgithub.com%2FMaulingMonkey%2Frust_win32_async_sample" "/workspace/builds/worker-6-tc2/source", kill_on_drop: false }`
[INFO] [stderr] Cloning into '/workspace/builds/worker-6-tc2/source'...
[INFO] [stderr] done.
[INFO] validating manifest of git repo https://github.com/MaulingMonkey/rust_win32_async_sample on toolchain e6e4f7ed1589e03bc2f6c5931c1a72e7947e8682
[INFO] running `Command { std: CARGO_HOME="/workspace/cargo-home" RUSTUP_HOME="/workspace/rustup-home" "/workspace/cargo-home/bin/cargo" "+e6e4f7ed1589e03bc2f6c5931c1a72e7947e8682" "metadata" "--manifest-path" "Cargo.toml" "--no-deps", kill_on_drop: false }`
[INFO] started tweaking git repo https://github.com/MaulingMonkey/rust_win32_async_sample
[INFO] finished tweaking git repo https://github.com/MaulingMonkey/rust_win32_async_sample
[INFO] tweaked toml for git repo https://github.com/MaulingMonkey/rust_win32_async_sample written to /workspace/builds/worker-6-tc2/source/Cargo.toml
[INFO] crate git repo https://github.com/MaulingMonkey/rust_win32_async_sample already has a lockfile, it will not be regenerated
[INFO] running `Command { std: CARGO_HOME="/workspace/cargo-home" RUSTUP_HOME="/workspace/rustup-home" "/workspace/cargo-home/bin/cargo" "+e6e4f7ed1589e03bc2f6c5931c1a72e7947e8682" "fetch" "--manifest-path" "Cargo.toml", kill_on_drop: false }`
[INFO] running `Command { std: "docker" "create" "-v" "/var/lib/crater-agent-workspace/builds/worker-6-tc2/target:/opt/rustwide/target:rw,Z" "-v" "/var/lib/crater-agent-workspace/builds/worker-6-tc2/source:/opt/rustwide/workdir:ro,Z" "-v" "/var/lib/crater-agent-workspace/cargo-home:/opt/rustwide/cargo-home:ro,Z" "-v" "/var/lib/crater-agent-workspace/rustup-home:/opt/rustwide/rustup-home:ro,Z" "-e" "SOURCE_DIR=/opt/rustwide/workdir" "-e" "CARGO_TARGET_DIR=/opt/rustwide/target" "-e" "CARGO_HOME=/opt/rustwide/cargo-home" "-e" "RUSTUP_HOME=/opt/rustwide/rustup-home" "-w" "/opt/rustwide/workdir" "-m" "1610612736" "--user" "0:0" "--network" "none" "ghcr.io/rust-lang/crates-build-env/linux@sha256:19e73879b68f455e41552ea35293514db52ea292d993f571636dbffedb77a1ee" "/opt/rustwide/cargo-home/bin/cargo" "+e6e4f7ed1589e03bc2f6c5931c1a72e7947e8682" "metadata" "--no-deps" "--format-version=1", kill_on_drop: false }`
[INFO] [stdout] 09a7a04a8a51fa8a202cb405a881dc0bf903942a1008faf3a16f7aeb9804cd12
[INFO] running `Command { std: "docker" "start" "-a" "09a7a04a8a51fa8a202cb405a881dc0bf903942a1008faf3a16f7aeb9804cd12", kill_on_drop: false }`
[INFO] running `Command { std: "docker" "inspect" "09a7a04a8a51fa8a202cb405a881dc0bf903942a1008faf3a16f7aeb9804cd12", kill_on_drop: false }`
[INFO] running `Command { std: "docker" "rm" "-f" "09a7a04a8a51fa8a202cb405a881dc0bf903942a1008faf3a16f7aeb9804cd12", kill_on_drop: false }`
[INFO] [stdout] 09a7a04a8a51fa8a202cb405a881dc0bf903942a1008faf3a16f7aeb9804cd12
[INFO] running `Command { std: "docker" "create" "-v" "/var/lib/crater-agent-workspace/builds/worker-6-tc2/target:/opt/rustwide/target:rw,Z" "-v" "/var/lib/crater-agent-workspace/builds/worker-6-tc2/source:/opt/rustwide/workdir:ro,Z" "-v" "/var/lib/crater-agent-workspace/cargo-home:/opt/rustwide/cargo-home:ro,Z" "-v" "/var/lib/crater-agent-workspace/rustup-home:/opt/rustwide/rustup-home:ro,Z" "-e" "SOURCE_DIR=/opt/rustwide/workdir" "-e" "CARGO_TARGET_DIR=/opt/rustwide/target" "-e" "CARGO_INCREMENTAL=0" "-e" "RUST_BACKTRACE=full" "-e" "RUSTFLAGS=--cap-lints=forbid" "-e" "RUSTDOCFLAGS=--cap-lints=forbid" "-e" "CARGO_HOME=/opt/rustwide/cargo-home" "-e" "RUSTUP_HOME=/opt/rustwide/rustup-home" "-w" "/opt/rustwide/workdir" "-m" "1610612736" "--user" "0:0" "--network" "none" "ghcr.io/rust-lang/crates-build-env/linux@sha256:19e73879b68f455e41552ea35293514db52ea292d993f571636dbffedb77a1ee" "/opt/rustwide/cargo-home/bin/cargo" "+e6e4f7ed1589e03bc2f6c5931c1a72e7947e8682" "check" "--frozen" "--all" "--all-targets" "--message-format=json", kill_on_drop: false }`
[INFO] [stdout] 3a9f510db12ba749b515187cf5f7f47cb9952566d3219614b9a636c251e82eab
[INFO] running `Command { std: "docker" "start" "-a" "3a9f510db12ba749b515187cf5f7f47cb9952566d3219614b9a636c251e82eab", kill_on_drop: false }`
[INFO] [stderr]    Compiling proc-macro2 v1.0.36
[INFO] [stderr]    Compiling unicode-xid v0.2.2
[INFO] [stderr]    Compiling syn v1.0.84
[INFO] [stderr]    Compiling futures-core v0.3.19
[INFO] [stderr]    Compiling futures-channel v0.3.19
[INFO] [stderr]    Compiling futures-task v0.3.19
[INFO] [stderr]    Compiling memchr v2.4.1
[INFO] [stderr]     Checking futures-sink v0.3.19
[INFO] [stderr]    Compiling futures-util v0.3.19
[INFO] [stderr]     Checking pin-project-lite v0.2.8
[INFO] [stderr]     Checking futures-io v0.3.19
[INFO] [stderr]     Checking pin-utils v0.1.0
[INFO] [stderr]     Checking slab v0.4.5
[INFO] [stderr]    Compiling winapi v0.3.9
[INFO] [stderr]    Compiling wchar v0.11.0
[INFO] [stderr]    Compiling quote v1.0.14
[INFO] [stderr]    Compiling futures-macro v0.3.19
[INFO] [stderr]    Compiling wchar-impl v0.11.0
[INFO] [stderr]     Checking futures-executor v0.3.19
[INFO] [stderr]     Checking futures v0.3.19
[INFO] [stderr]     Checking rust_win32_async_sample v0.0.0-git (/opt/rustwide/workdir)
[INFO] [stdout] error[E0433]: failed to resolve: could not find `shared` in `winapi`
[INFO] [stdout]  --> src/main.rs:8:13
[INFO] [stdout]   |
[INFO] [stdout] 8 | use winapi::shared::minwindef::*;
[INFO] [stdout]   |             ^^^^^^ could not find `shared` in `winapi`
[INFO] [stdout] 
[INFO] [stdout] 
[INFO] [stdout] error[E0433]: failed to resolve: could not find `shared` in `winapi`
[INFO] [stdout]  --> src/main.rs:9:13
[INFO] [stdout]   |
[INFO] [stdout] 9 | use winapi::shared::windef::*;
[INFO] [stdout]   |             ^^^^^^ could not find `shared` in `winapi`
[INFO] [stdout] 
[INFO] [stdout] 
[INFO] [stdout] error[E0433]: failed to resolve: could not find `um` in `winapi`
[INFO] [stdout]   --> src/main.rs:10:13
[INFO] [stdout]    |
[INFO] [stdout] 10 | use winapi::um::libloaderapi::*;
[INFO] [stdout]    |             ^^ could not find `um` in `winapi`
[INFO] [stdout] 
[INFO] [stdout] 
[INFO] [stdout] error[E0433]: failed to resolve: could not find `um` in `winapi`
[INFO] [stdout]   --> src/main.rs:11:13
[INFO] [stdout]    |
[INFO] [stdout] 11 | use winapi::um::wingdi::*;
[INFO] [stdout]    |             ^^ could not find `um` in `winapi`
[INFO] [stdout] 
[INFO] [stdout] 
[INFO] [stdout] error[E0433]: failed to resolve: could not find `um` in `winapi`
[INFO] [stdout]   --> src/main.rs:12:13
[INFO] [stdout]    |
[INFO] [stdout] 12 | use winapi::um::winuser::*;
[INFO] [stdout]    |             ^^ could not find `um` in `winapi`
[INFO] [stdout] 
[INFO] [stdout] 
[INFO] [stdout] error[E0433]: failed to resolve: could not find `shared` in `winapi`
[INFO] [stdout]  --> src/main.rs:8:13
[INFO] [stdout]   |
[INFO] [stdout] 8 | use winapi::shared::minwindef::*;
[INFO] [stdout]   |             ^^^^^^ could not find `shared` in `winapi`
[INFO] [stdout] 
[INFO] [stdout] 
[INFO] [stdout] error[E0433]: failed to resolve: could not find `shared` in `winapi`
[INFO] [stdout]  --> src/main.rs:9:13
[INFO] [stdout]   |
[INFO] [stdout] 9 | use winapi::shared::windef::*;
[INFO] [stdout]   |             ^^^^^^ could not find `shared` in `winapi`
[INFO] [stdout] 
[INFO] [stdout] 
[INFO] [stdout] error[E0433]: failed to resolve: could not find `um` in `winapi`
[INFO] [stdout]   --> src/main.rs:10:13
[INFO] [stdout]    |
[INFO] [stdout] 10 | use winapi::um::libloaderapi::*;
[INFO] [stdout]    |             ^^ could not find `um` in `winapi`
[INFO] [stdout] 
[INFO] [stdout] 
[INFO] [stdout] error[E0433]: failed to resolve: could not find `um` in `winapi`
[INFO] [stdout]   --> src/main.rs:11:13
[INFO] [stdout]    |
[INFO] [stdout] 11 | use winapi::um::wingdi::*;
[INFO] [stdout]    |             ^^ could not find `um` in `winapi`
[INFO] [stdout] 
[INFO] [stdout] 
[INFO] [stdout] error[E0433]: failed to resolve: could not find `um` in `winapi`
[INFO] [stdout]   --> src/main.rs:12:13
[INFO] [stdout]    |
[INFO] [stdout] 12 | use winapi::um::winuser::*;
[INFO] [stdout]    |             ^^ could not find `um` in `winapi`
[INFO] [stdout] 
[INFO] [stdout] 
[INFO] [stdout] error[E0425]: cannot find value `MB_OK` in this scope
[INFO] [stdout]   --> src/main.rs:34:88
[INFO] [stdout]    |
[INFO] [stdout] 34 |     unsafe { MessageBoxW(null_mut(), wchz!("Time!").as_ptr(), wchz!("Time!").as_ptr(), MB_OK) }; // runs on (and blocks!) the UI thread
[INFO] [stdout]    |                                                                                        ^^^^^ not found in this scope
[INFO] [stdout] 
[INFO] [stdout] 
[INFO] [stdout] error[E0412]: cannot find type `MSG` in this scope
[INFO] [stdout]   --> src/main.rs:39:23
[INFO] [stdout]    |
[INFO] [stdout] 39 |         let mut msg : MSG = unsafe { zeroed() };
[INFO] [stdout]    |                       ^^^ not found in this scope
[INFO] [stdout] 
[INFO] [stdout] 
[INFO] [stdout] error[E0425]: cannot find value `PM_REMOVE` in this scope
[INFO] [stdout]   --> src/main.rs:40:65
[INFO] [stdout]    |
[INFO] [stdout] 40 |         while unsafe { PeekMessageW(&mut msg, null_mut(), 0, 0, PM_REMOVE) } != 0 {
[INFO] [stdout]    |                                                                 ^^^^^^^^^ not found in this scope
[INFO] [stdout] 
[INFO] [stdout] 
[INFO] [stdout] error[E0412]: cannot find type `HWND` in this scope
[INFO] [stdout]   --> src/main.rs:54:45
[INFO] [stdout]    |
[INFO] [stdout] 54 | unsafe extern "system" fn window_proc(hwnd: HWND, uMsg: UINT, wParam: WPARAM, lParam: LPARAM) -> LRESULT {
[INFO] [stdout]    |                                             ^^^^ not found in this scope
[INFO] [stdout] 
[INFO] [stdout] 
[INFO] [stdout] error[E0412]: cannot find type `UINT` in this scope
[INFO] [stdout]   --> src/main.rs:54:57
[INFO] [stdout]    |
[INFO] [stdout] 54 | unsafe extern "system" fn window_proc(hwnd: HWND, uMsg: UINT, wParam: WPARAM, lParam: LPARAM) -> LRESULT {
[INFO] [stdout]    |                                                         ^^^^ not found in this scope
[INFO] [stdout] 
[INFO] [stdout] 
[INFO] [stdout] error[E0412]: cannot find type `WPARAM` in this scope
[INFO] [stdout]   --> src/main.rs:54:71
[INFO] [stdout]    |
[INFO] [stdout] 54 | unsafe extern "system" fn window_proc(hwnd: HWND, uMsg: UINT, wParam: WPARAM, lParam: LPARAM) -> LRESULT {
[INFO] [stdout]    |                                                                       ^^^^^^ not found in this scope
[INFO] [stdout] 
[INFO] [stdout] 
[INFO] [stdout] error[E0412]: cannot find type `LPARAM` in this scope
[INFO] [stdout]   --> src/main.rs:54:87
[INFO] [stdout]    |
[INFO] [stdout] 54 | unsafe extern "system" fn window_proc(hwnd: HWND, uMsg: UINT, wParam: WPARAM, lParam: LPARAM) -> LRESULT {
[INFO] [stdout]    |                                                                                       ^^^^^^ not found in this scope
[INFO] [stdout] 
[INFO] [stdout] 
[INFO] [stdout] error[E0412]: cannot find type `LRESULT` in this scope
[INFO] [stdout]   --> src/main.rs:54:98
[INFO] [stdout]    |
[INFO] [stdout] 54 | unsafe extern "system" fn window_proc(hwnd: HWND, uMsg: UINT, wParam: WPARAM, lParam: LPARAM) -> LRESULT {
[INFO] [stdout]    |                                                                                                  ^^^^^^^ not found in this scope
[INFO] [stdout] 
[INFO] [stdout] 
[INFO] [stdout] error[E0412]: cannot find type `PAINTSTRUCT` in this scope
[INFO] [stdout]   --> src/main.rs:66:30
[INFO] [stdout]    |
[INFO] [stdout] 66 |                 let mut ps : PAINTSTRUCT = zeroed();
[INFO] [stdout]    |                              ^^^^^^^^^^^ not found in this scope
[INFO] [stdout] 
[INFO] [stdout] 
[INFO] [stdout] error[E0412]: cannot find type `HGDIOBJ` in this scope
[INFO] [stdout]   --> src/main.rs:71:39
[INFO] [stdout]    |
[INFO] [stdout] 71 |                 DeleteObject(brush as HGDIOBJ);
[INFO] [stdout]    |                                       ^^^^^^^ not found in this scope
[INFO] [stdout] 
[INFO] [stdout] 
[INFO] [stdout] error[E0425]: cannot find value `MB_OK` in this scope
[INFO] [stdout]   --> src/main.rs:34:88
[INFO] [stdout]    |
[INFO] [stdout] 34 |     unsafe { MessageBoxW(null_mut(), wchz!("Time!").as_ptr(), wchz!("Time!").as_ptr(), MB_OK) }; // runs on (and blocks!) the UI thread
[INFO] [stdout]    |                                                                                        ^^^^^ not found in this scope
[INFO] [stdout] 
[INFO] [stdout] 
[INFO] [stdout] error[E0425]: cannot find value `IDC_ARROW` in this scope
[INFO] [stdout]   --> src/main.rs:88:52
[INFO] [stdout]    |
[INFO] [stdout] 88 |     let hCursor = unsafe { LoadCursorW(null_mut(), IDC_ARROW) };
[INFO] [stdout]    |                                                    ^^^^^^^^^ not found in this scope
[INFO] [stdout] 
[INFO] [stdout] 
[INFO] [stdout] error[E0412]: cannot find type `MSG` in this scope
[INFO] [stdout]   --> src/main.rs:39:23
[INFO] [stdout]    |
[INFO] [stdout] 39 |         let mut msg : MSG = unsafe { zeroed() };
[INFO] [stdout]    |                       ^^^ not found in this scope
[INFO] [stdout] 
[INFO] [stdout] 
[INFO] [stdout] error[E0422]: cannot find struct, variant or union type `WNDCLASSW` in this scope
[INFO] [stdout]   --> src/main.rs:91:14
[INFO] [stdout]    |
[INFO] [stdout] 91 |     let wc = WNDCLASSW { lpfnWndProc: Some(window_proc), hInstance, hCursor, lpszClassName: wchz!("SampleWndClass").as_ptr(), .. unsafe {...
[INFO] [stdout]    |              ^^^^^^^^^ not found in this scope
[INFO] [stdout] 
[INFO] [stdout] 
[INFO] [stdout] error[E0425]: cannot find value `WS_OVERLAPPEDWINDOW` in this scope
[INFO] [stdout]    --> src/main.rs:100:71
[INFO] [stdout]     |
[INFO] [stdout] 100 |         0, wchz!("SampleWndClass").as_ptr(), wchz!("Title").as_ptr(), WS_OVERLAPPEDWINDOW,  // exstyle, class, title, style
[INFO] [stdout]     |                                                                       ^^^^^^^^^^^^^^^^^^^ not found in this scope
[INFO] [stdout] 
[INFO] [stdout] 
[INFO] [stdout] error[E0425]: cannot find value `PM_REMOVE` in this scope
[INFO] [stdout]   --> src/main.rs:40:65
[INFO] [stdout]    |
[INFO] [stdout] 40 |         while unsafe { PeekMessageW(&mut msg, null_mut(), 0, 0, PM_REMOVE) } != 0 {
[INFO] [stdout]    |                                                                 ^^^^^^^^^ not found in this scope
[INFO] [stdout] 
[INFO] [stdout] 
[INFO] [stdout] error[E0425]: cannot find value `CW_USEDEFAULT` in this scope
[INFO] [stdout]    --> src/main.rs:101:9
[INFO] [stdout]     |
[INFO] [stdout] 101 |         CW_USEDEFAULT, CW_USEDEFAULT, 400, 300,                                             // x, y, w, h
[INFO] [stdout]     |         ^^^^^^^^^^^^^ not found in this scope
[INFO] [stdout] 
[INFO] [stdout] 
[INFO] [stdout] error[E0425]: cannot find value `CW_USEDEFAULT` in this scope
[INFO] [stdout]    --> src/main.rs:101:24
[INFO] [stdout]     |
[INFO] [stdout] 101 |         CW_USEDEFAULT, CW_USEDEFAULT, 400, 300,                                             // x, y, w, h
[INFO] [stdout]     |                        ^^^^^^^^^^^^^ not found in this scope
[INFO] [stdout] 
[INFO] [stdout] 
[INFO] [stdout] error[E0412]: cannot find type `HWND` in this scope
[INFO] [stdout]   --> src/main.rs:54:45
[INFO] [stdout]    |
[INFO] [stdout] 54 | unsafe extern "system" fn window_proc(hwnd: HWND, uMsg: UINT, wParam: WPARAM, lParam: LPARAM) -> LRESULT {
[INFO] [stdout]    |                                             ^^^^ not found in this scope
[INFO] [stdout] 
[INFO] [stdout] 
[INFO] [stdout] error[E0425]: cannot find value `SW_SHOW` in this scope
[INFO] [stdout]    --> src/main.rs:106:39
[INFO] [stdout]     |
[INFO] [stdout] 106 |     assert!(unsafe { ShowWindow(hwnd, SW_SHOW) } == 0);
[INFO] [stdout]     |                                       ^^^^^^^ not found in this scope
[INFO] [stdout] 
[INFO] [stdout] 
[INFO] [stdout] error[E0412]: cannot find type `UINT` in this scope
[INFO] [stdout]   --> src/main.rs:54:57
[INFO] [stdout]    |
[INFO] [stdout] 54 | unsafe extern "system" fn window_proc(hwnd: HWND, uMsg: UINT, wParam: WPARAM, lParam: LPARAM) -> LRESULT {
[INFO] [stdout]    |                                                         ^^^^ not found in this scope
[INFO] [stdout] 
[INFO] [stdout] 
[INFO] [stdout] error[E0412]: cannot find type `WPARAM` in this scope
[INFO] [stdout]   --> src/main.rs:54:71
[INFO] [stdout]    |
[INFO] [stdout] 54 | unsafe extern "system" fn window_proc(hwnd: HWND, uMsg: UINT, wParam: WPARAM, lParam: LPARAM) -> LRESULT {
[INFO] [stdout]    |                                                                       ^^^^^^ not found in this scope
[INFO] [stdout] 
[INFO] [stdout] 
[INFO] [stdout] error[E0412]: cannot find type `LPARAM` in this scope
[INFO] [stdout]   --> src/main.rs:54:87
[INFO] [stdout]    |
[INFO] [stdout] 54 | unsafe extern "system" fn window_proc(hwnd: HWND, uMsg: UINT, wParam: WPARAM, lParam: LPARAM) -> LRESULT {
[INFO] [stdout]    |                                                                                       ^^^^^^ not found in this scope
[INFO] [stdout] 
[INFO] [stdout] 
[INFO] [stdout] error[E0412]: cannot find type `LRESULT` in this scope
[INFO] [stdout]   --> src/main.rs:54:98
[INFO] [stdout]    |
[INFO] [stdout] 54 | unsafe extern "system" fn window_proc(hwnd: HWND, uMsg: UINT, wParam: WPARAM, lParam: LPARAM) -> LRESULT {
[INFO] [stdout]    |                                                                                                  ^^^^^^^ not found in this scope
[INFO] [stdout] 
[INFO] [stdout] 
[INFO] [stdout] error[E0412]: cannot find type `PAINTSTRUCT` in this scope
[INFO] [stdout]   --> src/main.rs:66:30
[INFO] [stdout]    |
[INFO] [stdout] 66 |                 let mut ps : PAINTSTRUCT = zeroed();
[INFO] [stdout]    |                              ^^^^^^^^^^^ not found in this scope
[INFO] [stdout] 
[INFO] [stdout] 
[INFO] [stdout] error[E0412]: cannot find type `HGDIOBJ` in this scope
[INFO] [stdout]   --> src/main.rs:71:39
[INFO] [stdout]    |
[INFO] [stdout] 71 |                 DeleteObject(brush as HGDIOBJ);
[INFO] [stdout]    |                                       ^^^^^^^ not found in this scope
[INFO] [stdout] 
[INFO] [stdout] 
[INFO] [stdout] error[E0425]: cannot find value `IDC_ARROW` in this scope
[INFO] [stdout]   --> src/main.rs:88:52
[INFO] [stdout]    |
[INFO] [stdout] 88 |     let hCursor = unsafe { LoadCursorW(null_mut(), IDC_ARROW) };
[INFO] [stdout]    |                                                    ^^^^^^^^^ not found in this scope
[INFO] [stdout] 
[INFO] [stdout] 
[INFO] [stdout] error[E0422]: cannot find struct, variant or union type `WNDCLASSW` in this scope
[INFO] [stdout]   --> src/main.rs:91:14
[INFO] [stdout]    |
[INFO] [stdout] 91 |     let wc = WNDCLASSW { lpfnWndProc: Some(window_proc), hInstance, hCursor, lpszClassName: wchz!("SampleWndClass").as_ptr(), .. unsafe {...
[INFO] [stdout]    |              ^^^^^^^^^ not found in this scope
[INFO] [stdout] 
[INFO] [stdout] 
[INFO] [stdout] error[E0425]: cannot find value `WS_OVERLAPPEDWINDOW` in this scope
[INFO] [stdout]    --> src/main.rs:100:71
[INFO] [stdout]     |
[INFO] [stdout] 100 |         0, wchz!("SampleWndClass").as_ptr(), wchz!("Title").as_ptr(), WS_OVERLAPPEDWINDOW,  // exstyle, class, title, style
[INFO] [stdout]     |                                                                       ^^^^^^^^^^^^^^^^^^^ not found in this scope
[INFO] [stdout] 
[INFO] [stdout] 
[INFO] [stdout] error[E0425]: cannot find value `CW_USEDEFAULT` in this scope
[INFO] [stdout]    --> src/main.rs:101:9
[INFO] [stdout]     |
[INFO] [stdout] 101 |         CW_USEDEFAULT, CW_USEDEFAULT, 400, 300,                                             // x, y, w, h
[INFO] [stdout]     |         ^^^^^^^^^^^^^ not found in this scope
[INFO] [stdout] 
[INFO] [stdout] 
[INFO] [stdout] error[E0425]: cannot find value `CW_USEDEFAULT` in this scope
[INFO] [stdout]    --> src/main.rs:101:24
[INFO] [stdout]     |
[INFO] [stdout] 101 |         CW_USEDEFAULT, CW_USEDEFAULT, 400, 300,                                             // x, y, w, h
[INFO] [stdout]     |                        ^^^^^^^^^^^^^ not found in this scope
[INFO] [stdout] 
[INFO] [stdout] 
[INFO] [stdout] error[E0425]: cannot find value `SW_SHOW` in this scope
[INFO] [stdout]    --> src/main.rs:106:39
[INFO] [stdout]     |
[INFO] [stdout] 106 |     assert!(unsafe { ShowWindow(hwnd, SW_SHOW) } == 0);
[INFO] [stdout]     |                                       ^^^^^^^ not found in this scope
[INFO] [stdout] 
[INFO] [stdout] 
[INFO] [stdout] error[E0425]: cannot find function, tuple struct or tuple variant `MessageBoxW` in this scope
[INFO] [stdout]   --> src/main.rs:34:14
[INFO] [stdout]    |
[INFO] [stdout] 34 |     unsafe { MessageBoxW(null_mut(), wchz!("Time!").as_ptr(), wchz!("Time!").as_ptr(), MB_OK) }; // runs on (and blocks!) the UI thread
[INFO] [stdout]    |              ^^^^^^^^^^^ not found in this scope
[INFO] [stdout] 
[INFO] [stdout] 
[INFO] [stdout] error[E0425]: cannot find function, tuple struct or tuple variant `MessageBoxW` in this scope
[INFO] [stdout]   --> src/main.rs:34:14
[INFO] [stdout]    |
[INFO] [stdout] 34 |     unsafe { MessageBoxW(null_mut(), wchz!("Time!").as_ptr(), wchz!("Time!").as_ptr(), MB_OK) }; // runs on (and blocks!) the UI thread
[INFO] [stdout]    |              ^^^^^^^^^^^ not found in this scope
[INFO] [stdout] 
[INFO] [stdout] 
[INFO] [stdout] error[E0425]: cannot find function, tuple struct or tuple variant `PeekMessageW` in this scope
[INFO] [stdout]   --> src/main.rs:40:24
[INFO] [stdout]    |
[INFO] [stdout] 40 |         while unsafe { PeekMessageW(&mut msg, null_mut(), 0, 0, PM_REMOVE) } != 0 {
[INFO] [stdout]    |                        ^^^^^^^^^^^^ not found in this scope
[INFO] [stdout] 
[INFO] [stdout] 
[INFO] [stdout] error[E0425]: cannot find function, tuple struct or tuple variant `TranslateMessage` in this scope
[INFO] [stdout]   --> src/main.rs:41:22
[INFO] [stdout]    |
[INFO] [stdout] 41 |             unsafe { TranslateMessage(&msg) };
[INFO] [stdout]    |                      ^^^^^^^^^^^^^^^^ not found in this scope
[INFO] [stdout] 
[INFO] [stdout] 
[INFO] [stdout] error[E0425]: cannot find function, tuple struct or tuple variant `PeekMessageW` in this scope
[INFO] [stdout]   --> src/main.rs:40:24
[INFO] [stdout]    |
[INFO] [stdout] 40 |         while unsafe { PeekMessageW(&mut msg, null_mut(), 0, 0, PM_REMOVE) } != 0 {
[INFO] [stdout]    |                        ^^^^^^^^^^^^ not found in this scope
[INFO] [stdout] 
[INFO] [stdout] 
[INFO] [stdout] error[E0425]: cannot find function, tuple struct or tuple variant `DispatchMessageW` in this scope
[INFO] [stdout]   --> src/main.rs:42:22
[INFO] [stdout]    |
[INFO] [stdout] 42 |             unsafe { DispatchMessageW(&msg) };
[INFO] [stdout]    |                      ^^^^^^^^^^^^^^^^ not found in this scope
[INFO] [stdout] 
[INFO] [stdout] 
[INFO] [stdout] error[E0425]: cannot find function, tuple struct or tuple variant `TranslateMessage` in this scope
[INFO] [stdout]   --> src/main.rs:41:22
[INFO] [stdout]    |
[INFO] [stdout] 41 |             unsafe { TranslateMessage(&msg) };
[INFO] [stdout]    |                      ^^^^^^^^^^^^^^^^ not found in this scope
[INFO] [stdout] 
[INFO] [stdout] 
[INFO] [stdout] error[E0425]: cannot find function, tuple struct or tuple variant `DispatchMessageW` in this scope
[INFO] [stdout]   --> src/main.rs:42:22
[INFO] [stdout]    |
[INFO] [stdout] 42 |             unsafe { DispatchMessageW(&msg) };
[INFO] [stdout]    |                      ^^^^^^^^^^^^^^^^ not found in this scope
[INFO] [stdout] 
[INFO] [stdout] 
[INFO] [stdout] error[E0425]: cannot find function, tuple struct or tuple variant `PostQuitMessage` in this scope
[INFO] [stdout]   --> src/main.rs:58:17
[INFO] [stdout]    |
[INFO] [stdout] 58 |                 PostQuitMessage(0);
[INFO] [stdout]    |                 ^^^^^^^^^^^^^^^ not found in this scope
[INFO] [stdout] 
[INFO] [stdout] 
[INFO] [stdout] error[E0425]: cannot find function, tuple struct or tuple variant `BeginPaint` in this scope
[INFO] [stdout]   --> src/main.rs:67:27
[INFO] [stdout]    |
[INFO] [stdout] 67 |                 let hdc = BeginPaint(hwnd, &mut ps);
[INFO] [stdout]    |                           ^^^^^^^^^^ not found in this scope
[INFO] [stdout] 
[INFO] [stdout] 
[INFO] [stdout] error[E0425]: cannot find function, tuple struct or tuple variant `PostQuitMessage` in this scope
[INFO] [stdout]   --> src/main.rs:58:17
[INFO] [stdout]    |
[INFO] [stdout] 58 |                 PostQuitMessage(0);
[INFO] [stdout]    |                 ^^^^^^^^^^^^^^^ not found in this scope
[INFO] [stdout] 
[INFO] [stdout] 
[INFO] [stdout] error[E0425]: cannot find function, tuple struct or tuple variant `RGB` in this scope
[INFO] [stdout]   --> src/main.rs:68:46
[INFO] [stdout]    |
[INFO] [stdout] 68 |                 let brush = CreateSolidBrush(RGB(0x33, 0x66, 0x99));
[INFO] [stdout]    |                                              ^^^ not found in this scope
[INFO] [stdout] 
[INFO] [stdout] 
[INFO] [stdout] error[E0425]: cannot find function, tuple struct or tuple variant `BeginPaint` in this scope
[INFO] [stdout]   --> src/main.rs:67:27
[INFO] [stdout]    |
[INFO] [stdout] 67 |                 let hdc = BeginPaint(hwnd, &mut ps);
[INFO] [stdout]    |                           ^^^^^^^^^^ not found in this scope
[INFO] [stdout] 
[INFO] [stdout] 
[INFO] [stdout] error[E0425]: cannot find function, tuple struct or tuple variant `RGB` in this scope
[INFO] [stdout]   --> src/main.rs:68:46
[INFO] [stdout]    |
[INFO] [stdout] 68 |                 let brush = CreateSolidBrush(RGB(0x33, 0x66, 0x99));
[INFO] [stdout]    |                                              ^^^ not found in this scope
[INFO] [stdout] 
[INFO] [stdout] 
[INFO] [stdout] error[E0425]: cannot find function, tuple struct or tuple variant `CreateSolidBrush` in this scope
[INFO] [stdout]   --> src/main.rs:68:29
[INFO] [stdout]    |
[INFO] [stdout] 68 |                 let brush = CreateSolidBrush(RGB(0x33, 0x66, 0x99));
[INFO] [stdout]    |                             ^^^^^^^^^^^^^^^^ not found in this scope
[INFO] [stdout] 
[INFO] [stdout] 
[INFO] [stdout] error[E0425]: cannot find function, tuple struct or tuple variant `FillRect` in this scope
[INFO] [stdout]   --> src/main.rs:69:17
[INFO] [stdout]    |
[INFO] [stdout] 69 |                 FillRect(hdc, &ps.rcPaint, brush);
[INFO] [stdout]    |                 ^^^^^^^^ not found in this scope
[INFO] [stdout] 
[INFO] [stdout] 
[INFO] [stdout] error[E0425]: cannot find function, tuple struct or tuple variant `EndPaint` in this scope
[INFO] [stdout]   --> src/main.rs:70:17
[INFO] [stdout]    |
[INFO] [stdout] 70 |                 EndPaint(hwnd, &ps);
[INFO] [stdout]    |                 ^^^^^^^^ not found in this scope
[INFO] [stdout] 
[INFO] [stdout] 
[INFO] [stdout] error[E0425]: cannot find function, tuple struct or tuple variant `DeleteObject` in this scope
[INFO] [stdout]   --> src/main.rs:71:17
[INFO] [stdout]    |
[INFO] [stdout] 71 |                 DeleteObject(brush as HGDIOBJ);
[INFO] [stdout]    |                 ^^^^^^^^^^^^ not found in this scope
[INFO] [stdout] 
[INFO] [stdout] 
[INFO] [stdout] error[E0425]: cannot find function, tuple struct or tuple variant `DefWindowProcW` in this scope
[INFO] [stdout]   --> src/main.rs:75:17
[INFO] [stdout]    |
[INFO] [stdout] 75 |                 DefWindowProcW(hwnd, uMsg, wParam, lParam)
[INFO] [stdout]    |                 ^^^^^^^^^^^^^^ not found in this scope
[INFO] [stdout] 
[INFO] [stdout] 
[INFO] [stdout] error[E0425]: cannot find function, tuple struct or tuple variant `GetModuleHandleW` in this scope
[INFO] [stdout]   --> src/main.rs:85:30
[INFO] [stdout]    |
[INFO] [stdout] 85 |     let hInstance = unsafe { GetModuleHandleW(null()) };
[INFO] [stdout]    |                              ^^^^^^^^^^^^^^^^ not found in this scope
[INFO] [stdout] 
[INFO] [stdout] 
[INFO] [stdout] error[E0425]: cannot find function, tuple struct or tuple variant `LoadCursorW` in this scope
[INFO] [stdout]   --> src/main.rs:88:28
[INFO] [stdout]    |
[INFO] [stdout] 88 |     let hCursor = unsafe { LoadCursorW(null_mut(), IDC_ARROW) };
[INFO] [stdout]    |                            ^^^^^^^^^^^ not found in this scope
[INFO] [stdout] 
[INFO] [stdout] 
[INFO] [stdout] error[E0425]: cannot find function, tuple struct or tuple variant `RegisterClassW` in this scope
[INFO] [stdout]   --> src/main.rs:92:22
[INFO] [stdout]    |
[INFO] [stdout] 92 |     assert!(unsafe { RegisterClassW(&wc) } != 0);
[INFO] [stdout]    |                      ^^^^^^^^^^^^^^ not found in this scope
[INFO] [stdout] 
[INFO] [stdout] 
[INFO] [stdout] error[E0425]: cannot find function, tuple struct or tuple variant `CreateSolidBrush` in this scope
[INFO] [stdout]   --> src/main.rs:68:29
[INFO] [stdout]    |
[INFO] [stdout] 68 |                 let brush = CreateSolidBrush(RGB(0x33, 0x66, 0x99));
[INFO] [stdout]    |                             ^^^^^^^^^^^^^^^^ not found in this scope
[INFO] [stdout] 
[INFO] [stdout] 
[INFO] [stdout] error[E0425]: cannot find function, tuple struct or tuple variant `FillRect` in this scope
[INFO] [stdout]   --> src/main.rs:69:17
[INFO] [stdout]    |
[INFO] [stdout] 69 |                 FillRect(hdc, &ps.rcPaint, brush);
[INFO] [stdout]    |                 ^^^^^^^^ not found in this scope
[INFO] [stdout] 
[INFO] [stdout] 
[INFO] [stdout] error[E0425]: cannot find function, tuple struct or tuple variant `EndPaint` in this scope
[INFO] [stdout]   --> src/main.rs:70:17
[INFO] [stdout]    |
[INFO] [stdout] 70 |                 EndPaint(hwnd, &ps);
[INFO] [stdout]    |                 ^^^^^^^^ not found in this scope
[INFO] [stdout] 
[INFO] [stdout] 
[INFO] [stdout] error[E0425]: cannot find function, tuple struct or tuple variant `DeleteObject` in this scope
[INFO] [stdout]   --> src/main.rs:71:17
[INFO] [stdout]    |
[INFO] [stdout] 71 |                 DeleteObject(brush as HGDIOBJ);
[INFO] [stdout]    |                 ^^^^^^^^^^^^ not found in this scope
[INFO] [stdout] 
[INFO] [stdout] 
[INFO] [stdout] error[E0425]: cannot find function, tuple struct or tuple variant `DefWindowProcW` in this scope
[INFO] [stdout]   --> src/main.rs:75:17
[INFO] [stdout]    |
[INFO] [stdout] 75 |                 DefWindowProcW(hwnd, uMsg, wParam, lParam)
[INFO] [stdout]    |                 ^^^^^^^^^^^^^^ not found in this scope
[INFO] [stdout] 
[INFO] [stdout] 
[INFO] [stdout] error[E0425]: cannot find function, tuple struct or tuple variant `GetModuleHandleW` in this scope
[INFO] [stdout]   --> src/main.rs:85:30
[INFO] [stdout]    |
[INFO] [stdout] 85 |     let hInstance = unsafe { GetModuleHandleW(null()) };
[INFO] [stdout]    |                              ^^^^^^^^^^^^^^^^ not found in this scope
[INFO] [stdout] 
[INFO] [stdout] 
[INFO] [stdout] error[E0425]: cannot find function, tuple struct or tuple variant `LoadCursorW` in this scope
[INFO] [stdout]   --> src/main.rs:88:28
[INFO] [stdout]    |
[INFO] [stdout] 88 |     let hCursor = unsafe { LoadCursorW(null_mut(), IDC_ARROW) };
[INFO] [stdout]    |                            ^^^^^^^^^^^ not found in this scope
[INFO] [stdout] 
[INFO] [stdout] 
[INFO] [stdout] error[E0425]: cannot find function, tuple struct or tuple variant `GetModuleHandleW` in this scope
[INFO] [stdout]   --> src/main.rs:96:30
[INFO] [stdout]    |
[INFO] [stdout] 96 |     let hInstance = unsafe { GetModuleHandleW(null()) };
[INFO] [stdout]    |                              ^^^^^^^^^^^^^^^^ not found in this scope
[INFO] [stdout] 
[INFO] [stdout] 
[INFO] [stdout] error[E0425]: cannot find function, tuple struct or tuple variant `RegisterClassW` in this scope
[INFO] [stdout]   --> src/main.rs:92:22
[INFO] [stdout]    |
[INFO] [stdout] 92 |     assert!(unsafe { RegisterClassW(&wc) } != 0);
[INFO] [stdout]    |                      ^^^^^^^^^^^^^^ not found in this scope
[INFO] [stdout] 
[INFO] [stdout] 
[INFO] [stdout] error[E0425]: cannot find function, tuple struct or tuple variant `CreateWindowExW` in this scope
[INFO] [stdout]   --> src/main.rs:99:25
[INFO] [stdout]    |
[INFO] [stdout] 99 |     let hwnd = unsafe { CreateWindowExW(
[INFO] [stdout]    |                         ^^^^^^^^^^^^^^^ not found in this scope
[INFO] [stdout] 
[INFO] [stdout] 
[INFO] [stdout] error[E0425]: cannot find function, tuple struct or tuple variant `ShowWindow` in this scope
[INFO] [stdout]    --> src/main.rs:106:22
[INFO] [stdout]     |
[INFO] [stdout] 106 |     assert!(unsafe { ShowWindow(hwnd, SW_SHOW) } == 0);
[INFO] [stdout]     |                      ^^^^^^^^^^ not found in this scope
[INFO] [stdout] 
[INFO] [stdout] 
[INFO] [stdout] error[E0425]: cannot find function, tuple struct or tuple variant `GetModuleHandleW` in this scope
[INFO] [stdout]   --> src/main.rs:96:30
[INFO] [stdout]    |
[INFO] [stdout] 96 |     let hInstance = unsafe { GetModuleHandleW(null()) };
[INFO] [stdout]    |                              ^^^^^^^^^^^^^^^^ not found in this scope
[INFO] [stdout] 
[INFO] [stdout] 
[INFO] [stdout] error[E0425]: cannot find function, tuple struct or tuple variant `CreateWindowExW` in this scope
[INFO] [stdout]   --> src/main.rs:99:25
[INFO] [stdout]    |
[INFO] [stdout] 99 |     let hwnd = unsafe { CreateWindowExW(
[INFO] [stdout]    |                         ^^^^^^^^^^^^^^^ not found in this scope
[INFO] [stdout] 
[INFO] [stdout] 
[INFO] [stdout] error[E0425]: cannot find function, tuple struct or tuple variant `ShowWindow` in this scope
[INFO] [stdout]    --> src/main.rs:106:22
[INFO] [stdout]     |
[INFO] [stdout] 106 |     assert!(unsafe { ShowWindow(hwnd, SW_SHOW) } == 0);
[INFO] [stdout]     |                      ^^^^^^^^^^ not found in this scope
[INFO] [stdout] 
[INFO] [stdout] 
[INFO] [stdout] error: aborting due to 39 previous errors
[INFO] [stdout] 
[INFO] [stdout] 
[INFO] [stdout] Some errors have detailed explanations: E0412, E0422, E0425, E0433.
[INFO] [stdout] 
[INFO] [stdout] For more information about an error, try `rustc --explain E0412`.
[INFO] [stdout] 
[INFO] [stdout] error: aborting due to 39 previous errors
[INFO] [stdout] 
[INFO] [stdout] 
[INFO] [stdout] Some errors have detailed explanations: E0412, E0422, E0425, E0433.
[INFO] [stdout] 
[INFO] [stdout] For more information about an error, try `rustc --explain E0412`.
[INFO] [stdout] 
[INFO] [stderr] error: could not compile `rust_win32_async_sample` (bin "rust_win32_async_sample") due to 40 previous errors
[INFO] [stderr] warning: build failed, waiting for other jobs to finish...
[INFO] [stderr] error: could not compile `rust_win32_async_sample` (bin "rust_win32_async_sample" test) due to 40 previous errors
[INFO] running `Command { std: "docker" "inspect" "3a9f510db12ba749b515187cf5f7f47cb9952566d3219614b9a636c251e82eab", kill_on_drop: false }`
[INFO] running `Command { std: "docker" "rm" "-f" "3a9f510db12ba749b515187cf5f7f47cb9952566d3219614b9a636c251e82eab", kill_on_drop: false }`
[INFO] [stdout] 3a9f510db12ba749b515187cf5f7f47cb9952566d3219614b9a636c251e82eab
